e 3*m + 37 = 58. Suppose 80 = 4*z - 2*z. What is the remainder when z is divided by m?
5
Let h(x) = 2*x - x + 2*x - 6. Let m = -5 + 63. What is the remainder when m is divided by h(7)?
13
Let n be 15/35 - (-1020)/21. Suppose -2*j + o + n = 12, 5*o - 88 = -3*j. What is the remainder when 102 is divided by j?
18
Let l = -3 - -15. Suppose b + 3*v - 39 = 0, -4*b + 2*v = -0*v - 184. Calculate the remainder when b is divided by l.
9
Suppose -o - 35 = -3*s, -3*o + 5*s = 3*s + 112. Let v = 112 + o. Let n = v - 49. What is the remainder when n is divided by 13?
12
What is the remainder when (-87)/(-58) - (-249)/2 is divided by 64?
62
Calculate the remainder when 107 is divided by 55/(-1)*(-94)/235.
19
Suppose -11*o = -2*o - 2466. Calculate the remainder when o is divided by 46.
44
Let h = -21 - -21. Suppose h = 5*s - 54 - 21. Calculate the remainder when s is divided by 6.
3
Suppose -18*c + 128 = -412. Calculate the remainder when c is divided by 8.
6
Suppose -i = -3 - 2. Let y = 644 + -618. Calculate the remainder when y is divided by 25*1/i*2.
6
Let b = -64 + 120. Let a = -44 + b. What is the remainder when a is divided by 8?
4
What is the remainder when 27 is divided by (-176)/(-18) - (-12)/54?
7
Let x be (32/(-12) + 2)*6. What is the remainder when 137 is divided by (-4)/(-6)*(11 - x)?
7
Let m = 2050 - 2025. Calculate the remainder when 446 is divided by m.
21
Suppose -2 = 2*a + 2*y - 4, 0 = 4*y + 16. Calculate the remainder when a is divided by 2/9 + 7378/1953.
1
Let t(i) = 446*i - 17. Calculate the remainder when t(6) is divided by 11.
8
Let q = -117 + 130. What is the remainder when q is divided by 3?
1
Calculate the remainder when 133 is divided by -1 + (-24 - 0)*-2.
39
Let f = -760 + 798. What is the remainder when 92 is divided by f?
16
Suppose -6*v = -8*v - 12. Let g(q) be the third derivative of q**5/60 + q**4/6 + 2*q**3/3 - q**2. What is the remainder when 45 is divided by g(v)?
13
Let f be (-3)/(-6) - 1/(-2). Let s be 3/(((-6)/(-4))/f). Suppose -35 = -6*a + 3*a + s*d, -a + 5 = -4*d. What is the remainder when a is divided by 7?
6
Let c(y) = 3*y**3 + 4*y**2 - 3*y + 1. Let s be c(2). Suppose 0 = -31*m + s*m - 256. Calculate the remainder when m is divided by 14.
8
Let f(i) = 18*i**2 - 20*i**2 + 17 + 3*i**2 - 7*i. What is the remainder when 26 is divided by f(5)?
5
Let p = 363 + -354. What is the remainder when 12 is divided by p?
3
Let y(a) = a**2 + 4. Let x be y(-2). Let v = x - 1. What is the remainder when 33 is divided by v?
5
Let p = 22 + -19. Suppose -5*w = -2*c + 4 - 471, -p*w + 3*c + 273 = 0. Let f = w - 59. What is the remainder when 105 is divided by f?
33
Suppose -65 = 4*y + 2359. Let n be 3/12 - y/8. Suppose -5*c + n = -19. What is the remainder when c is divided by 5?
4
Let w = -1 + 3. Let m = -3942 - -3948. What is the remainder when m is divided by w?
0
Suppose -8*o + 270 + 242 = 0. What is the remainder when o is divided by 30?
4
Calculate the remainder when 62 is divided by (-12)/9*-3 - -3.
6
Suppose 3*h + 5*g = 160, -3*h + 4*g = -12 - 130. What is the remainder when 192 is divided by h?
42
Suppose 2*f + 10 = 4*f. Suppose -f*s - 38 = -4*n - 0*s, 2*n - 10 = -2*s. Let h = 0 + n. Calculate the remainder when 25 is divided by h.
4
Let i = 11811 - 11802. Suppose -161 + 681 = 4*b. Suppose 5*o - m - 127 = o, 0 = 4*o + 2*m - b. What is the remainder when o is divided by i?
5
Suppose -252 - 60 = -6*q. What is the remainder when q is divided by 19?
14
Suppose 84 = 2*y + 28. Suppose 3*b + 53 = 383. Calculate the remainder when b is divided by y.
26
Suppose -23*p + 2902 - 901 = 0. Let n(j) = -4*j + 3. Calculate the remainder when p is divided by n(-5).
18
Let a be (20/8)/(1/2). Suppose -4*m + 2*h - 9 = -35, a*m = h + 28. What is the remainder when m is divided by 4?
1
Suppose -1 + 4 = -3*a. Let d(l) be the first derivative of 31*l**3/3 - l**2/2 - l - 97. What is the remainder when d(a) is divided by 11?
9
Suppose 5*q - 364 + 110 = -4*u, 3*q = -u + 158. Suppose 2*z = -11 + 33. Suppose 5*p - z = q. Calculate the remainder when p is divided by 4.
1
Suppose 2440 = 70*r - 710. What is the remainder when 313 is divided by r?
43
Let z(u) = -2*u**3 - 19*u**2 - u - 94. Suppose -428 = -4*r - 0*r + 4*c, 2*c = r - 105. What is the remainder when r is divided by z(-10)?
13
Let v be (1376/40)/((-1)/5). Let o = 283 + v. What is the remainder when o is divided by 28?
27
Suppose 4*p + 274 = 4*v + 2*p, -3*v - 3*p + 219 = 0. Suppose -5*k - v = -10*k. What is the remainder when 82 is divided by k?
12
Let o(b) = 16*b**3 - 5*b**2 + 12*b - 9. Calculate the remainder when o(2) is divided by 9.
6
Let c be 3/(-2) - 214/(-4). Suppose 12 + c = 4*o. Calculate the remainder when o is divided by 5.
1
Suppose -102*v = -99*v - 36. What is the remainder when 52 is divided by v?
4
Let v(q) = -q**2 - 6*q + 1. Suppose 5*n + 2 = 4*b - 4, -4*n = -3*b + 4. Suppose 15 = -b*s + 59. Calculate the remainder when s is divided by v(-5).
5
Let z(d) = -35*d - 27. Let l(r) = -72*r - 55. Let h(o) = -2*l(o) + 5*z(o). What is the remainder when 73 is divided by h(-2)?
36
Calculate the remainder when 0 - 162/(-10) - 196/(-245) is divided by 15.
2
Suppose -4*t - 3*q + q = -262, -q - 3 = 0. What is the remainder when 267 is divided by t?
66
Let p(k) = -37*k**3 + 3*k + 2. Let l be p(-1). What is the remainder when l + (6 + -4)/(-1) is divided by 18?
16
Calculate the remainder when (-42)/((-42)/(-6)) - -8 - -642 is divided by 17.
15
Suppose 3*f + 6 = -x - 4, -2*f - x = 7. What is the remainder when 31 is divided by 2 + -6 + 3 - -9 - f?
9
Suppose -y = -5*y + 344. Calculate the remainder when y is divided by (-43 + 38)*29/(-5).
28
Let u = -638 - -907. Calculate the remainder when u is divided by 15.
14
What is the remainder when 418 is divided by 8/(-25)*60/(-8)*25?
58
What is the remainder when 395 is divided by -13*(6 + -7) - (5 + 1)?
3
Suppose -2*s - 509 = -5*j + 2*j, 0 = -3*j + 9. Let x = s + 368. Suppose q = -4*w + x, -3*w + 74 = -3*q - 22. What is the remainder when w is divided by 11?
8
What is the remainder when 302*(-18)/(-36)*2*(-1)/(-2) is divided by 80/6 + 4/6?
11
Suppose 580 = -0*w + 5*w - 4*l, 6*l = 30. What is the remainder when 1676 is divided by w?
116
Suppose p - 6 = -2*p. Suppose -77 - 55 = -2*t. Let x = -64 + t. Calculate the remainder when x is divided by p.
0
Suppose -j + 6 = -2*w, -2*w - 6 = 4*j + j. Let b be 0 + 232 + 0 + w. Let c = b + -140. Calculate the remainder when c is divided by 15.
14
Calculate the remainder when ((-5)/((-20)/(-388)))/(-1) is divided by 33.
31
Calculate the remainder when 184 is divided by 9 - (-22 - 8/1).
28
Let x(u) = -14*u - 432. Let q(a) = a**2 - 7*a + 8. What is the remainder when q(6) is divided by x(-31)?
0
Let n(r) = -134*r**3 + r - 2. Let h be n(1). Calculate the remainder when (6/(-5))/(6/h) is divided by 3 + -5 + -1 + 17.
13
What is the remainder when 31 + -1 - (7 + -5) is divided by 30/(-45) - 2*(-48)/9?
8
Calculate the remainder when 130 is divided by ((6/(-6))/(-3))/((-5)/(-1170)).
52
Suppose 0 = 3*z - 6*z + 114. Let u = z - 27. What is the remainder when 21 is divided by u?
10
Let t be 2/(-10) - 0 - 23/(-115). Suppose 6*l - 141 + 51 = t. What is the remainder when 40 is divided by l?
10
Suppose 352 = 3*g + c + 56, 4*g - 4*c = 400. Let s(u) = u**3 + 5*u**2 - 1. Calculate the remainder when g is divided by s(-3).
14
Suppose -3*i = -41*s + 36*s - 1864, 4*s = 5*i - 3124. Calculate the remainder when i is divided by 14.
12
Let b = -40 - -37. Calculate the remainder when 15 is divided by (-80)/30*b/2.
3
Suppose 7*b + 1 - 36 = 0. Suppose -3*h + t + t = -31, 3*h = -b*t - 4. Calculate the remainder when 18 is divided by h.
4
Let u be 4 + -3 + -2 - 0. Let h = 11 + u. Let i = 28 + -24. What is the remainder when h is divided by i?
2
Let v be 2*(-3)/(-2) - 3. Suppose v = -3*t + 18 + 27. Calculate the remainder when 55 is divided by t.
10
Suppose -3*w + 1 = -2*w. Let j = w + 19. What is the remainder when 59 is divided by j?
19
Let p(i) = i**3 - i**2 + i + 61. What is the remainder when p(0) is divided by (-20)/(-10)*16/2?
13
Let h(g) = g**2 + 16*g - 333. Calculate the remainder when h(-34) is divided by 47.
44
Suppose 5*r - 4 = -u, 9 = r + 5*u - 11. Suppose r = 5*y + 2*c - 108, -2*c - 3*c = 3*y - 80. Calculate the remainder when 97 is d